ative of l**4/4 + 2*l**3/3 - l**2/2 + l + 5. Let v = 3 + -6. Give c(v).
-5
Let d(v) = -314*v**2 + 3*v + 159*v**2 - 3 + 158*v**2. Give d(2).
15
Suppose 3*m = 2 + 1. Let z(p) = p + 10. Let s be z(-10). Let w(r) = 10*r**2 + s*r + 2*r - 2*r. Give w(m).
10
Let g(v) = 3*v**3 - v. Let z = 3 + -1. Suppose z*f - 2 = -4. Determine g(f).
-2
Let u(z) = -z**3 - z**2 + 3*z + 1. Let q(j) = -j + 15. Let o be q(0). Suppose 0 = -2*m + 7*m + o. Determine u(m).
10
Let f(b) be the second derivative of -b**6/180 + b**5/40 + b**4/24 - b**3/6 + 4*b. Let z(p) be the second derivative of f(p). Give z(3).
-8
Let d be 12/2 - 1*-1. Let m = d + -4. Let w(x) be the second derivative of -x**4/12 + x**2 + 5*x. What is w(m)?
-7
Let v(y) = y - 17. Let u be (((-6)/2)/3)/((-2)/20). Determine v(u).
-7
Let u be 2 - (-4 + 0 + 4). Suppose 2*c - 4 = u*x, 4*x + x + 2*c = -10. Let m(s) = 2*s**3 + 2*s**2 - s + 1. What is m(x)?
-5
Suppose 5*p = 4*j - 3 + 22, -5*p + 2*j + 17 = 0. Let h(d) = -p + d + 1 - 5. Let k(r) = 1. Let u(i) = h(i) + 4*k(i). What is u(5)?
2
Let m(b) be the third derivative of -b**4/8 + b**3/2 - 15*b**2. Suppose -2*l + 2 = -2. Give m(l).
-3
Let n(u) = 11*u**3 - 6*u**2 - 6*u - 6. Let v(w) = -5*w**3 + 3*w**2 + 3*w + 3. Let k(q) = -4*n(q) - 9*v(q). What is k(3)?
-12
Let f(d) = d + 17. Let s be f(-6). Suppose -5*w = c + 18, -3*w - s - 4 = 2*c. Let o(k) be the third derivative of k**4/24 + k**2. Calculate o(c).
-3
Let u(d) = -d**3 - 5*d**2 + 7*d + 7. Let v(l) = l**2 + 5*l - 8. Let x be v(4). Let k be x/(-5) - 4/10. What is u(k)?
1
Let i(b) = b + 13. Let h(l) = -2*l - 11. Let a(z) = -6*h(z) - 5*i(z). What is a(1)?
8
Let g(h) be the second derivative of 0 - 1/6*h**3 - h + 1/2*h**2. Let r(j) = 2*j + 5. Let x be r(-5). Give g(x).
6
Suppose -5*x = -4*z + 4 - 18, 36 = 4*x + 3*z. Let a(h) = -3*h + 2*h + 7 + 0*h. Calculate a(x).
1
Let m = 6 + -1. Let w be m/((-2)/(-4 - -2)). Let n(i) be the second derivative of -i**3/6 + 11*i**2/2 - 2*i. Calculate n(w).
6
Let g(h) = -18*h + 1. Suppose 5*q - 4 = c, q + 2 = 4*c - c. Determine g(c).
-17
Let i(g) = -g**3 + 8*g**2 - g - 3. Suppose -3*a = -15, 5*x - 2*a - 2*a - 20 = 0. Calculate i(x).
-11
Let k(v) = 3*v + 4. Let i(q) = q - 2. Let t be i(7). Suppose -z + 12 = -t*z. Give k(z).
-5
Let r(n) = -4*n - 6. Let m(b) = 7*b + 11. Let c(z) = 6*m(z) + 11*r(z). Give c(-3).
6
Suppose 9*v - 4*v - 5 = 0. Let l(c) = 8*c**3 - 6*c - 7. Let j(z) = 7*z**3 - 5*z - 6. Let w(o) = -6*j(o) + 5*l(o). What is w(v)?
-1
Let j(g) be the second derivative of -1/20*g**5 - 5/12*g**4 + 0 + 4*g + 2*g**2 - 1/2*g**3. Give j(-3).
-5
Let n(v) be the second derivative of -v**7/2520 - v**6/360 + v**5/120 - v**4/4 + 3*v. Let x(i) be the third derivative of n(i). What is x(1)?
-2
Let s(j) = -j - 5. Let z(b) = 6. Let y(i) = -3*s(i) - 2*z(i). Let h(c) = -c**3 - 2*c**2 + 3*c. Let v be h(-3). Suppose v*d = -3*d - 9. Determine y(d).
-6
Let u(b) = -9*b + 3. Let s(m) = -4*m + 1. Let y(c) = 7*s(c) - 3*u(c). What is y(-4)?
2
Let v = -5 - -13. Suppose 4*u = q - 25, -4*q + v = -2*u - 8. Let z(b) = b**3 + 7*b**2 + 6*b - 4. Give z(u).
-4
Let c(a) be the second derivative of a**3/6 + 2*a**2 - 21*a. Suppose 4*b + 4*z = -40, 8*b - 3*b + 23 = 4*z. What is c(b)?
-3
Let c = 19 + -26. Let g(i) = -i**2 - 8*i - 2. What is g(c)?
5
Let p(c) be the second derivative of c**4/6 + c**3/6 + c. Let b be ((-32)/(-10))/(-2) + (-3)/(-5). Determine p(b).
1
Let t = 7 - 10. Let u = t + 7. Let d(n) be the second derivative of n**4/12 - n**3 + 3*n**2/2 + 3*n. What is d(u)?
-5
Let u(t) be the second derivative of -1/20*t**5 + 0 + t + 1/12*t**4 + 1/6*t**3 - 3*t**2. Suppose 2*j - 2 + 7 = 5*w, 3*j + 5*w = 5. Calculate u(j).
-6
Let p(d) = -6*d - 1. Let o be p(-1). Let c = -8 + o. Let q(u) = -u**2 - 3 + 3*u**2 + 3*u - u**2. Determine q(c).
-3
Let v(s) be the first derivative of -s**4/4 - 5*s**3/3 - 5*s**2/2 + 2*s - 24. Let k = 4 - 8. What is v(k)?
6
Let m(s) = -s**2 - 3*s - 6. Let j be m(-4). Let q be (-3)/(-9) - j/(-3). Let c(w) = -w**2 - 3*w + 3. Give c(q).
3
Let m(h) be the second derivative of h**3/6 - h**2 - 7*h. Determine m(6).
4
Let b(p) = p**2 - 8*p - 9. Let d be b(8). Let o = d + 14. Suppose 25 = -4*n + 5*h + o, 2*n + 3*h = 12. Let f(u) = -u + 8. What is f(n)?
8
Let n(b) = 19*b - 5 + 5 + 5 - 18*b - 3. Suppose -4*h + 1 = 25. Calculate n(h).
-4
Let a(v) = -v**2 - 7*v - 1. Suppose 5*c + 28 = -2. Calculate a(c).
5
Let d(v) be the first derivative of -v**3/3 + 2*v - 2. Let l(w) = -w**2 + 7*w - 3. Let x be 4/14 - (-40)/7. Let p be l(x). Give d(p).
-7
Let p(j) = j**3 - 5*j**2 - 7*j + 9. Let g be p(6). Suppose -2*t - 5*h = 18, t + 2*h + 11 = -h. Let o(d) = -d + t - 1. What is o(g)?
-3
Let y(n) = -n**3 - 4*n**2 + 5. Suppose 7*l - 4*l = -6. Let z be (6/(-18))/(l/(-6)). Let q be 1/(5/(-4) - z). Calculate y(q).
5
Let w(h) = -2*h**2 + 4*h - 3. Let m be (-17 - -2)*(-4)/(-6). Let i = 4 + m. Let q be 8/i*3/(-2). What is w(q)?
-3
Let f(l) = -2*l**2 + 7*l - 3. Let h be (-26)/(-6) + (-80)/(-120). Give f(h).
-18
Let v = 3 + 1. Let h be -3 + 1 + 4 - -16. Let c(a) = -h*a - 1 - a**2 + 22*a - 1. Give c(v).
-2
Let x(q) = q**3 - 5*q**2 - 2*q - 3. Let f(h) = h**3 - 5*h**2 - 3*h - 3. Let g(z) = -4*f(z) + 5*x(z). Let t be ((11/(-1))/1)/1. Let k = t + 16. Determine g(k).
7
Let b(s) be the second derivative of s**4/12 + 3*s**3/2 - 5*s**2 - 30*s. Determine b(-7).
-24
Let n = 8 - 4. Let p(m) = m - 4. Determine p(n).
0
Let k(p) = p**3 + 6*p**2 + 3*p - 6. Let v be k(-5). Let z(t) = t**3 - 4*t**2 + 2*t + 2. Calculate z(v).
10
Let x(k) = -6*k**2 + 6*k - 4 + 3*k**2 - k**3 - 2*k**2 + 3. Determine x(-6).
-1
Let d(u) = u**2 + 9*u - 1. Let n(k) = 2*k**2 + 8*k - 19. Let q be n(-5). What is d(q)?
-1
Let y(b) = 6*b**2 - b + 1. Suppose u = 3*u - 8. Suppose 5*j - 5*g = 2*j + 3, -2*g = u*j - 4. Give y(j).
6
Suppose -5*f - f + 24 = 0. Suppose 7 = -5*m + 3*q, -m = -5*q + 30 - 11. Let v(c) = c**2 - m + 1 - 4*c + 2. Determine v(f).
2
Let s(c) = -c + 2. Let g be -3 + 1 + -1 + 4. Let w be g/((-1)/2) - 0. Let m(d) = 5*d - 11. Let r(l) = w*m(l) - 11*s(l). Calculate r(0).
0
Suppose -z + 4*x + 9 = -0*z, -5*x = 3*z + 24. Let f = -6 - z. Let g(d) = d + 2. What is g(f)?
-1
Suppose 0 = -3*r - 3*k - 9, -k - 4 - 15 = 5*r. Let n(a) = 2*a**3 - 2*a**2 - 2*a - 3. Let z(w) = -w**3 - w**2 - w. Let u(o) = -n(o) - 3*z(o). What is u(r)?
-1
Let z(t) = 8*t - 13. Let x(d) = -3*d + 10. Let l(o) = 6*o - 21. Let k(f) = -6*l(f) - 13*x(f). Let p(c) = -11*k(c) + 4*z(c). Give p(-6).
-2
Let w(y) = 10*y**3 + y**2 - 1. Let l(o) = -o**2 - 2*o - 2. Let d be l(-2). Let h be -2*2/d - 1. Determine w(h).
10
Suppose 0*u - u = -5. Suppose 7 = 3*z - u. Let j(q) = -q**3 + 5*q**2 - 6*q + 4. Determine j(z).
-4
Let h be ((-24)/16)/((-3)/8). Let j(l) be the third derivative of 1/12*l**h + 0 + 1/2*l**3 + 3*l**2 + 0*l. Calculate j(-4).
-5
Let d(b) be the third derivative of b**6/120 - 2*b**5/15 + 7*b**4/24 + b**3/6 + 2*b**2. Give d(7).
1
Suppose 6*k = k - 15. Let w(l) = -l - 4. Calculate w(k).
-1
Let h be 10*(30/(-25))/2. Let o(f) = 7*f**3 + 6*f**2 + 5*f. Let g(l) = -20*l**3 - 18*l**2 - 14*l. Let u(c) = -6*g(c) - 17*o(c). Give u(h).
6
Suppose -2*u = -v + 4 - 3, 5*v - 25 = 5*u. Let i(h) = 3*h - 3*h + v*h. What is i(-1)?
-9
Let y be (-4)/22 - (-9)/(-11). Let w(q) = 7*q**3 + 4*q + q - 4*q + 1. Give w(y).
-7
Let r(b) be the first derivative of -4*b**3/3 - b**2 + b + 13. Give r(1).
-5
Let a(p) = 4*p**2 + 3*p + 4. Let i(q) = -q**2 + q + 1. Let m(c) = a(c) - 5*i(c). Give m(-1).
10
Let o(y) = 3*y**2 - 22*y - 14. Suppose 4 = -f + 3*s, -2*f = -f - 4*s + 7. Let v(j) = -2*j**2 + 15*j + 9. Let g(w) = f*o(w) + 7*v(w). Calculate g(5).
-7
Let c = -7 + 8. Let d be ((1 + 2)*-1)/c. Let j(y) = y**2 + 3*y + 4. What is j(d)?
4
Let o(n) = n**3 - 5*n**2 - 3. Let q be 10/12*(5 - -1). Give o(q).
-3
Let b(a) = 2*a**2 - 2*a + 1. Let i be -5*3/30*-4. Determine b(i).
5
Let g = -2 + -1. Let h(r) = r**3 - r**2 - r + 1. Let t(j) = -2*j**3 + 5*j**2 + j. Let a be (-8)/(-2) + 1 + -2. Let v(m) = a*h(m) + t(m). Determine v(g).
0
Let k(y) = y**3 + 4*y + 2. Let s(g) = g**2 + g + 1. Let u(o) = -k(o) + 4*s(o). Let b(f) = f**2 - f - 17. Let m be b(5). Give u(m).
11
Let v(r) be the second derivative of -r**3/6 + r**2/2 + 4*r. Let w(y) = -3*y + 3. Let s(n) = -2*v(n) + w(n). Give s(-2).
3
Suppose -3 = u - 5. Let j = 6 - u. Let b(t) = 4*t + 1 + j*t + 0 - 4*t